{"id":19352,"date":"2026-07-25T18:33:51","date_gmt":"2026-07-25T16:33:51","guid":{"rendered":"https:\/\/zalakaros.ap4.hu\/?post_type=galeria&#038;p=19352"},"modified":"2026-07-25T18:37:27","modified_gmt":"2026-07-25T16:37:27","slug":"ugralovar-fesztival","status":"publish","type":"galeria","link":"https:\/\/zalakaros.ap4.hu\/de\/galeria\/ugralovar-fesztival\/","title":{"rendered":"Ugr\u00e1l\u00f3v\u00e1r Fesztiv\u00e1l"},"content":{"rendered":"","protected":false},"featured_media":19418,"template":"","meta":{"_acf_changed":true},"class_list":["post-19352","galeria","type-galeria","status-publish","has-post-thumbnail","hentry"],"acf":[],"_links":{"self":[{"href":"https:\/\/zalakaros.ap4.hu\/de\/wp-json\/wp\/v2\/galeria\/19352","targetHints":{"allow":["GET"]}}],"collection":[{"href":"https:\/\/zalakaros.ap4.hu\/de\/wp-json\/wp\/v2\/galeria"}],"about":[{"href":"https:\/\/zalakaros.ap4.hu\/de\/wp-json\/wp\/v2\/types\/galeria"}],"wp:featuredmedia":[{"embeddable":true,"href":"https:\/\/zalakaros.ap4.hu\/de\/wp-json\/wp\/v2\/media\/19418"}],"wp:attachment":[{"href":"https:\/\/zalakaros.ap4.hu\/de\/wp-json\/wp\/v2\/media?parent=19352"}],"curies":[{"name":"wp","href":"https:\/\/api.w.org\/{rel}","templated":true}]}}

Ugrálóvár Fesztivál
